{"id":1068,"date":"2020-07-17T19:55:39","date_gmt":"2020-07-17T19:55:39","guid":{"rendered":"https:\/\/cmgr.com.ar\/cmgr\/?page_id=1068"},"modified":"2020-07-17T20:02:12","modified_gmt":"2020-07-17T20:02:12","slug":"notepad","status":"publish","type":"page","link":"https:\/\/cmgr.com.ar\/cmgr\/notepad\/","title":{"rendered":""},"content":{"rendered":"\t\t<div data-elementor-type=\"wp-page\" data-elementor-id=\"1068\" class=\"elementor elementor-1068\" data-elementor-settings=\"[]\">\n\t\t\t\t\t\t<div class=\"elementor-inner\">\n\t\t\t\t\t\t\t<div class=\"elementor-section-wrap\">\n\t\t\t\t\t\t\t<section class=\"elementor-section elementor-top-section elementor-element elementor-element-1c83994 elementor-section-boxed elementor-section-height-default elementor-section-height-default\" data-id=\"1c83994\" data-element_type=\"section\">\n\t\t\t\t\t\t<div class=\"elementor-container elementor-column-gap-default\">\n\t\t\t\t\t\t\t<div class=\"elementor-row\">\n\t\t\t\t\t<div class=\"elementor-column elementor-col-100 elementor-top-column elementor-element elementor-element-5c6281c\" data-id=\"5c6281c\" data-element_type=\"column\">\n\t\t\t<div class=\"elementor-column-wrap elementor-element-populated\">\n\t\t\t\t\t\t\t<div class=\"elementor-widget-wrap\">\n\t\t\t\t\t\t<div class=\"elementor-element elementor-element-5f57471 elementor-widget elementor-widget-heading\" data-id=\"5f57471\" data-element_type=\"widget\" data-widget_type=\"heading.default\">\n\t\t\t\t<div class=\"elementor-widget-container\">\n\t\t\t<h2 class=\"elementor-heading-title elementor-size-default\">PROTOCOLO CONSULTORIOS Y POLICONSULTORIOS<\/h2>\t\t<\/div>\n\t\t\t\t<\/div>\n\t\t\t\t<section class=\"elementor-section elementor-inner-section elementor-element elementor-element-2a80a0d elementor-section-boxed elementor-section-height-default elementor-section-height-default\" data-id=\"2a80a0d\" data-element_type=\"section\">\n\t\t\t\t\t\t<div class=\"elementor-container elementor-column-gap-default\">\n\t\t\t\t\t\t\t<div class=\"elementor-row\">\n\t\t\t\t\t<div class=\"elementor-column elementor-col-50 elementor-inner-column elementor-element elementor-element-b981099\" data-id=\"b981099\" data-element_type=\"column\">\n\t\t\t<div class=\"elementor-column-wrap elementor-element-populated\">\n\t\t\t\t\t\t\t<div class=\"elementor-widget-wrap\">\n\t\t\t\t\t\t<div class=\"elementor-element elementor-element-3276820 elementor-widget elementor-widget-image\" data-id=\"3276820\" data-element_type=\"widget\" data-widget_type=\"image.default\">\n\t\t\t\t<div class=\"elementor-widget-container\">\n\t\t\t\t\t\t\t\t<div class=\"elementor-image\">\n\t\t\t\t\t\t\t\t\t\t\t\t<img width=\"297\" height=\"783\" src=\"https:\/\/cmgr.com.ar\/cmgr\/wp-content\/uploads\/2020\/07\/1111.png\" class=\"attachment-large size-large\" alt=\"\" loading=\"lazy\" srcset=\"https:\/\/cmgr.com.ar\/cmgr\/wp-content\/uploads\/2020\/07\/1111.png 297w, https:\/\/cmgr.com.ar\/cmgr\/wp-content\/uploads\/2020\/07\/1111-114x300.png 114w\" sizes=\"(max-width: 297px) 100vw, 297px\" \/>\t\t\t\t\t\t\t\t\t\t\t\t\t\t<\/div>\n\t\t\t\t\t\t<\/div>\n\t\t\t\t<\/div>\n\t\t\t\t\t\t<\/div>\n\t\t\t\t\t<\/div>\n\t\t<\/div>\n\t\t\t\t<div class=\"elementor-column elementor-col-50 elementor-inner-column elementor-element elementor-element-0c11333\" data-id=\"0c11333\" data-element_type=\"column\">\n\t\t\t<div class=\"elementor-column-wrap elementor-element-populated\">\n\t\t\t\t\t\t\t<div class=\"elementor-widget-wrap\">\n\t\t\t\t\t\t<div class=\"elementor-element elementor-element-d8469cd elementor-widget elementor-widget-text-editor\" data-id=\"d8469cd\" data-element_type=\"widget\" data-widget_type=\"text-editor.default\">\n\t\t\t\t<div class=\"elementor-widget-container\">\n\t\t\t\t\t\t\t\t<div class=\"elementor-text-editor elementor-clearfix\">\n\t\t\t\t<p style=\"text-align: left;\">\u00a0En virtud de la situaci\u00f3n sanitaria actual en nuestra ciudad, debido a la pandemia por coronavirus, con un significativo aumento del n\u00famero de casos en los \u00faltimos d\u00edas, la Asociaci\u00f3n M\u00e9dica de Mercedes, junto a la autoridad municipal a trav\u00e9s de su Comit\u00e9 de Crisis, le solicitada todos los m\u00e9dicos que ejercen en nuestra ciudad,observar y hacer observar las medidas protocolares de bioseguridad que fueron oportunamente consensuadas el 21 de abril del corriente(y en esta fase reforzadas y ampliadas por el contagio progresivo) las cuales son retransmitidas al mismo tiempo, como es costumbre ya,al conjunto de los m\u00e9dicos de nuestra ciudad.<br \/>Estas medidas alcanzan al \u00e1mbito propio de los consultorios, la sala de espera y los espacios comunes delos distintos consultorios y policonsultorios de nuestra ciudad.<br \/>Se impone, como siempre, el uso de tapabocas y\/o barbijo y se impulsa la utilizaci\u00f3n de mamparas transparentes, uso de mascarillas o anteojos protectores (tanto del personal administrativo como m\u00e9dico), la limpieza e higiene de superficies de los ambientes con lavandina diluida en 1\/50 partes de agua u otros agentes desinfectantes, el acceso libre a dispenser con alcohol en gel o soluciones al 70% y al ba\u00f1o o anteba\u00f1o con vanitory provisto con jab\u00f3n y toallas descartables.<br \/>De igual manera, se hace fundamental el cumplimiento de los horarios asignados de atenci\u00f3n, no debiendo permanecer m\u00e1s de 2 personas dentro de cada consultorio (ideal con el paciente solo), con sus excepciones en las personas mayores, impedidos o menores.<br \/>El punto de vital importancia lo constituye el manejo del ingreso y permanencia de pacientes y acompa\u00f1antes en la sala de espera, de modo que su utilizaci\u00f3n no la transforme en riesgosa. Para ello deber\u00e1n tomarse medidas activas para impedir que se produzcan aglomeraciones y se pueda mantener un aforo que permita la distancia m\u00ednima de 2 mts de separaci\u00f3n lineal entre pacientes y la permanencia (que debe ser necesariamente breve) de no m\u00e1s de 2 personas por cada 10 mts\u00b2 de superficie funcional de la sala (aparte de la secretaria);en el caso de los policonsultorios ser\u00e1 necesaria la no superposici\u00f3n de horarios o turnos entre los distintos facultativos que atiendan en el mismo \u00e1mbito.<br \/>Estas simples medidas de bioseguridad contribuir\u00e1n a poner en resguardo nuestra propia salud y a no engrosar los casos que ya nos afligen por esta pandemia, evitando contagios que pueden ser prevenidos. Muchas gracias.<\/p><h6><b><u><i>COMISI\u00d3N DIRECTIVA<\/i><\/u><\/b><\/h6>\t\t\t\t\t<\/div>\n\t\t\t\t\t\t<\/div>\n\t\t\t\t<\/div>\n\t\t\t\t\t\t<\/div>\n\t\t\t\t\t<\/div>\n\t\t<\/div>\n\t\t\t\t\t\t\t\t<\/div>\n\t\t\t\t\t<\/div>\n\t\t<\/section>\n\t\t\t\t\t\t<\/div>\n\t\t\t\t\t<\/div>\n\t\t<\/div>\n\t\t\t\t\t\t\t\t<\/div>\n\t\t\t\t\t<\/div>\n\t\t<\/section>\n\t\t\t\t\t\t<\/div>\n\t\t\t\t\t\t<\/div>\n\t\t\t\t\t<\/div>\n\t\t","protected":false},"excerpt":{"rendered":"<p>PROTOCOLO CONSULTORIOS Y POLICONSULTORIOS &nbsp;En virtud de la situaci\u00f3n sanitaria actual en nuestra ciudad, debido a la pandemia por coronavirus, con un significativo aumento del n\u00famero de casos en los \u00faltimos d\u00edas, la Asociaci\u00f3n M\u00e9dica de Mercedes, junto a la autoridad municipal a trav\u00e9s de su Comit\u00e9 de Crisis, le solicitada todos los m\u00e9dicos que [&hellip;]<\/p>\n","protected":false},"author":2,"featured_media":0,"parent":0,"menu_order":0,"comment_status":"closed","ping_status":"closed","template":"template-parts\/plantillasola.php","meta":[],"_links":{"self":[{"href":"https:\/\/cmgr.com.ar\/cmgr\/wp-json\/wp\/v2\/pages\/1068"}],"collection":[{"href":"https:\/\/cmgr.com.ar\/cmgr\/wp-json\/wp\/v2\/pages"}],"about":[{"href":"https:\/\/cmgr.com.ar\/cmgr\/wp-json\/wp\/v2\/types\/page"}],"author":[{"embeddable":true,"href":"https:\/\/cmgr.com.ar\/cmgr\/wp-json\/wp\/v2\/users\/2"}],"replies":[{"embeddable":true,"href":"https:\/\/cmgr.com.ar\/cmgr\/wp-json\/wp\/v2\/comments?post=1068"}],"version-history":[{"count":5,"href":"https:\/\/cmgr.com.ar\/cmgr\/wp-json\/wp\/v2\/pages\/1068\/revisions"}],"predecessor-version":[{"id":1074,"href":"https:\/\/cmgr.com.ar\/cmgr\/wp-json\/wp\/v2\/pages\/1068\/revisions\/1074"}],"wp:attachment":[{"href":"https:\/\/cmgr.com.ar\/cmgr\/wp-json\/wp\/v2\/media?parent=1068"}],"curies":[{"name":"wp","href":"https:\/\/api.w.org\/{rel}","templated":true}]}}